{"id":414,"date":"2019-11-21T15:38:57","date_gmt":"2019-11-21T18:38:57","guid":{"rendered":"https:\/\/verao.apps.okd4.ciasc.sc.gov.br\/?page_id=414"},"modified":"2021-12-20T10:00:00","modified_gmt":"2021-12-20T13:00:00","slug":"quem-somos","status":"publish","type":"page","link":"https:\/\/verao.sc.gov.br\/?page_id=414","title":{"rendered":"Quem Somos"},"content":{"rendered":"<div id=\"pl-414\"  class=\"panel-layout\" ><div id=\"pg-414-0\"  class=\"panel-grid panel-has-style\" ><div class=\"about-us panel-row-style panel-row-style-for-414-0\" ><div id=\"pgc-414-0-0\"  class=\"panel-grid-cell\" ><div id=\"panel-414-0-0-0\" class=\"so-panel widget widget_text panel-first-child panel-last-child\" data-index=\"0\" >\t\t\t<div class=\"textwidget\"><p>\u00d3rg\u00e3os Envolvidos:<\/p>\n<ul>\n<li><a href=\"http:\/\/www.santur.sc.gov.br\" target=\"_blank\" rel=\"noopener\">Ag\u00eancia de Desenvolvimento do Turismo de Santa Catarina &#8211; SANTUR<\/a><\/li>\n<li><a href=\"http:\/\/www.scc.sc.gov.br\" target=\"_blank\" rel=\"noopener\">Casa Civil &#8211; CC<\/a><\/li>\n<li><a href=\"http:\/\/www.casan.com.br\" target=\"_blank\" rel=\"noopener\">CASAN<\/a><\/li>\n<li><a href=\"http:\/\/www.celesc.com.br\" target=\"_blank\" rel=\"noopener\">CELESC<\/a><\/li>\n<li><a href=\"http:\/\/www.ciasc.sc.gov.br\" target=\"_blank\" rel=\"noopener\">CIASC<\/a><\/li>\n<li><a href=\"http:\/\/www.cidasc.sc.gov.br\" target=\"_blank\" rel=\"noopener\">CIDASC<\/a><\/li>\n<li><a href=\"http:\/\/www.cbm.sc.gov.br\" target=\"_blank\" rel=\"noopener\">Corpo de Bombeiros Militar &#8211; CBMSC<\/a><\/li>\n<li><a href=\"http:\/\/www.defesacivil.sc.gov.br\" target=\"_blank\" rel=\"noopener\">Defesa Civil &#8211; DCSC<\/a><\/li>\n<li><a href=\"http:\/\/ciram.epagri.sc.gov.br\" target=\"_blank\" rel=\"noopener\">EPAGRI\/CIRAM<\/a><\/li>\n<li><a href=\"http:\/\/www.eproj.sc.gov.br\" target=\"_blank\" rel=\"noopener\">EPROJ<\/a><\/li>\n<li><a href=\"http:\/\/www.igp.sc.gov.br\" target=\"_blank\" rel=\"noopener\">Instituto Geral de Per\u00edcias &#8211; IGP<\/a><\/li>\n<li><a href=\"http:\/\/www.ima.sc.gov.br\" target=\"_blank\" rel=\"noopener\">IMA<\/a><\/li>\n<li><a href=\"http:\/\/www.imetro.sc.gov.br\" target=\"_blank\" rel=\"noopener\">IMETRO<\/a><\/li>\n<li><a href=\"http:\/\/www.pc.sc.gov.br\" target=\"_blank\" rel=\"noopener\">Pol\u00edcia Civil &#8211; PCSC<\/a><\/li>\n<li><a href=\"http:\/\/www.pm.sc.gov.br\" target=\"_blank\" rel=\"noopener\">Pol\u00edcia Militar &#8211; PMSC<\/a><\/li>\n<li><a href=\"http:\/\/www.procon.sc.gov.br\/\" target=\"_blank\" rel=\"noopener\">Procon Estadual<\/a><\/li>\n<li><a href=\"https:\/\/www.san.sc.gov.br\/\" target=\"_blank\" rel=\"noopener\">Secretaria Executiva de Articula\u00e7\u00e3o Nacional &#8211; SAN<\/a><\/li>\n<li><a href=\"https:\/\/sai.sc.gov.br\/\" target=\"_blank\" rel=\"noopener\">Secretaria Executiva de Assuntos Internacionais &#8211; SAI<\/a><\/li>\n<li><a href=\"http:\/\/www.agricultura.sc.gov.br\" target=\"_blank\" rel=\"noopener\">Secretaria de Estado Agricultura, da Pesca e do Desenvolvimento Rural &#8211; SAR<\/a><\/li>\n<li><a href=\"http:\/\/www.sc.gov.br\" target=\"_blank\" rel=\"noopener\">Secretaria Executiva da Comunica\u00e7\u00e3o &#8211; SEC<\/a><\/li>\n<li><a href=\"https:\/\/www.sap.sc.gov.br\/\" target=\"_blank\" rel=\"noopener\">Secretaria de Estado da Administra\u00e7\u00e3o Prisional e Socioeducativa \u2013 SAP<\/a><\/li>\n<li><a href=\"https:\/\/www.sde.sc.gov.br\/\" target=\"_blank\" rel=\"noopener\">Secretaria de Estado do Desenvolvimento Econ\u00f4mico Sustent\u00e1vel \u2013 SDE<\/a><\/li>\n<li><a href=\"http:\/\/www.sds.sc.gov.br\" target=\"_blank\" rel=\"noopener\">Secretaria de Estado do Desenvolvimento Social &#8211; SDS<\/a><\/li>\n<li><a href=\"http:\/\/www.sed.sc.gov.br\" target=\"_blank\" rel=\"noopener\">Secretaria de Estado da Educa\u00e7\u00e3o &#8211; SED<\/a><\/li>\n<li><a href=\"http:\/\/www.sie.sc.gov.br\" target=\"_blank\" rel=\"noopener\">Secretaria de Estado da Infraestrutura e Mobilidade &#8211; SIE<\/a><\/li>\n<li><a href=\"http:\/\/www.saude.sc.gov.br\" target=\"_blank\" rel=\"noopener\">Secretaria de Estado da Sa\u00fade &#8211; SES<\/a><\/li>\n<\/ul>\n<\/div>\n\t\t<\/div><\/div><\/div><\/div><\/div>","protected":false},"excerpt":{"rendered":"<p>\u00d3rg\u00e3os Envolvidos: Ag\u00eancia de Desenvolvimento do Turismo de Santa Catarina &#8211; SANTUR Casa Civil &#8211; CC CASAN CELESC CIASC CIDASC Corpo de Bombeiros Militar &#8211; CBMSC Defesa Civil &#8211; DCSC EPAGRI\/CIRAM EPROJ Instituto Geral de Per\u00edcias &#8211; IGP IMA IMETRO Pol\u00edcia Civil &#8211; PCSC Pol\u00edcia Militar &#8211; PMSC Procon Estadual Secretaria Executiva de Articula\u00e7\u00e3o Nacional [&hellip;]<\/p>\n","protected":false},"author":5,"featured_media":0,"parent":0,"menu_order":0,"comment_status":"closed","ping_status":"closed","template":"","meta":{"_monsterinsights_skip_tracking":false,"_monsterinsights_sitenote_active":false,"_monsterinsights_sitenote_note":"","_monsterinsights_sitenote_category":0,"footnotes":""},"_links":{"self":[{"href":"https:\/\/verao.sc.gov.br\/index.php?rest_route=\/wp\/v2\/pages\/414"}],"collection":[{"href":"https:\/\/verao.sc.gov.br\/index.php?rest_route=\/wp\/v2\/pages"}],"about":[{"href":"https:\/\/verao.sc.gov.br\/index.php?rest_route=\/wp\/v2\/types\/page"}],"author":[{"embeddable":true,"href":"https:\/\/verao.sc.gov.br\/index.php?rest_route=\/wp\/v2\/users\/5"}],"replies":[{"embeddable":true,"href":"https:\/\/verao.sc.gov.br\/index.php?rest_route=%2Fwp%2Fv2%2Fcomments&post=414"}],"version-history":[{"count":12,"href":"https:\/\/verao.sc.gov.br\/index.php?rest_route=\/wp\/v2\/pages\/414\/revisions"}],"predecessor-version":[{"id":1447,"href":"https:\/\/verao.sc.gov.br\/index.php?rest_route=\/wp\/v2\/pages\/414\/revisions\/1447"}],"wp:attachment":[{"href":"https:\/\/verao.sc.gov.br\/index.php?rest_route=%2Fwp%2Fv2%2Fmedia&parent=414"}],"curies":[{"name":"wp","href":"https:\/\/api.w.org\/{rel}","templated":true}]}}

<div id="pl-414"  class="panel-layout" ><div id="pg-414-0"  class="panel-grid panel-has-style" ><div class="about-us panel-row-style panel-row-style-for-414-0" ><div id="pgc-414-0-0"  class="panel-grid-cell" ><div id="panel-414-0-0-0" class="so-panel widget widget_text panel-first-child panel-last-child" data-index="0" >			<div class="textwidget"><p>Órgãos Envolvidos:</p>
<ul>
<li><a href="http://www.santur.sc.gov.br" target="_blank" rel="noopener">Agência de Desenvolvimento do Turismo de Santa Catarina &#8211; SANTUR</a></li>
<li><a href="http://www.scc.sc.gov.br" target="_blank" rel="noopener">Casa Civil &#8211; CC</a></li>
<li><a href="http://www.casan.com.br" target="_blank" rel="noopener">CASAN</a></li>
<li><a href="http://www.celesc.com.br" target="_blank" rel="noopener">CELESC</a></li>
<li><a href="http://www.ciasc.sc.gov.br" target="_blank" rel="noopener">CIASC</a></li>
<li><a href="http://www.cidasc.sc.gov.br" target="_blank" rel="noopener">CIDASC</a></li>
<li><a href="http://www.cbm.sc.gov.br" target="_blank" rel="noopener">Corpo de Bombeiros Militar &#8211; CBMSC</a></li>
<li><a href="http://www.defesacivil.sc.gov.br" target="_blank" rel="noopener">Defesa Civil &#8211; DCSC</a></li>
<li><a href="http://ciram.epagri.sc.gov.br" target="_blank" rel="noopener">EPAGRI/CIRAM</a></li>
<li><a href="http://www.eproj.sc.gov.br" target="_blank" rel="noopener">EPROJ</a></li>
<li><a href="http://www.igp.sc.gov.br" target="_blank" rel="noopener">Instituto Geral de Perícias &#8211; IGP</a></li>
<li><a href="http://www.ima.sc.gov.br" target="_blank" rel="noopener">IMA</a></li>
<li><a href="http://www.imetro.sc.gov.br" target="_blank" rel="noopener">IMETRO</a></li>
<li><a href="http://www.pc.sc.gov.br" target="_blank" rel="noopener">Polícia Civil &#8211; PCSC</a></li>
<li><a href="http://www.pm.sc.gov.br" target="_blank" rel="noopener">Polícia Militar &#8211; PMSC</a></li>
<li><a href="http://www.procon.sc.gov.br/" target="_blank" rel="noopener">Procon Estadual</a></li>
<li><a href="https://www.san.sc.gov.br/" target="_blank" rel="noopener">Secretaria Executiva de Articulação Nacional &#8211; SAN</a></li>
<li><a href="https://sai.sc.gov.br/" target="_blank" rel="noopener">Secretaria Executiva de Assuntos Internacionais &#8211; SAI</a></li>
<li><a href="http://www.agricultura.sc.gov.br" target="_blank" rel="noopener">Secretaria de Estado Agricultura, da Pesca e do Desenvolvimento Rural &#8211; SAR</a></li>
<li><a href="http://www.sc.gov.br" target="_blank" rel="noopener">Secretaria Executiva da Comunicação &#8211; SEC</a></li>
<li><a href="https://www.sap.sc.gov.br/" target="_blank" rel="noopener">Secretaria de Estado da Administração Prisional e Socioeducativa – SAP</a></li>
<li><a href="https://www.sde.sc.gov.br/" target="_blank" rel="noopener">Secretaria de Estado do Desenvolvimento Econômico Sustentável – SDE</a></li>
<li><a href="http://www.sds.sc.gov.br" target="_blank" rel="noopener">Secretaria de Estado do Desenvolvimento Social &#8211; SDS</a></li>
<li><a href="http://www.sed.sc.gov.br" target="_blank" rel="noopener">Secretaria de Estado da Educação &#8211; SED</a></li>
<li><a href="http://www.sie.sc.gov.br" target="_blank" rel="noopener">Secretaria de Estado da Infraestrutura e Mobilidade &#8211; SIE</a></li>
<li><a href="http://www.saude.sc.gov.br" target="_blank" rel="noopener">Secretaria de Estado da Saúde &#8211; SES</a></li>
</ul>
</div>
		</div></div></div></div></div>

<p>Órgãos Envolvidos: Agência de Desenvolvimento do Turismo de Santa Catarina &#8211; SANTUR Casa Civil &#8211; CC CASAN CELESC CIASC CIDASC Corpo de Bombeiros Militar &#8211; CBMSC Defesa Civil &#8211; DCSC EPAGRI/CIRAM EPROJ Instituto Geral de Perícias &#8211; IGP IMA IMETRO Polícia Civil &#8211; PCSC Polícia Militar &#8211; PMSC Procon Estadual Secretaria Executiva de Articulação Nacional [&hellip;]</p>
